x(-4). What is p(s)?
0
Suppose 3*w - 15 = -4*k, -2*w - 4 = -k - k. Let y be k/5 - 16/(-40). Let b(i) = -i**3 + i**2 + i - 1. Give b(y).
0
Let v = -6 - -10. Let p(c) be the third derivative of -1/12*c**5 + 0 + 1/6*c**3 + 0*c + 1/8*c**4 + 2*c**2 + 1/120*c**6. Calculate p(v).
-3
Let z(i) = 4*i - 6 - 149*i**2 + 0*i + 150*i**2. Calculate z(-5).
-1
Suppose 4*p + 25 = -c, 65 = -2*c - c - 2*p. Let t be (-14)/c - 26/(-6). Let f(o) = -o**3 + 6*o**2 - 6*o + 5. Determine f(t).
0
Let h(t) = 7*t**2 - 11*t - 1. Let g(x) = 3*x**2 - 5*x. Let p(n) = -9*g(n) + 4*h(n). Let v(l) = 1. Let u(b) = 3*p(b) + 12*v(b). What is u(-2)?
6
Let l be 52/(-14) + 8/(-28). Let b = l + 4. Let s(v) = -6 + b*v - 3*v + v**2 + 0*v. What is s(5)?
4
Let b(g) be the first derivative of -7*g**2 - g - 13. What is b(-1)?
13
Let z be 6*4/(10 + -2). Let f(c) = 1 - 2 + 2*c - 6*c + 2. What is f(z)?
-11
Suppose 6*y + 2*c = 2*y - 24, 2*y - 5*c + 24 = 0. Let x(q) = q**2 + 8*q - 1. What is x(y)?
-8
Let t(s) = -s**3 - 8*s**2 - 8*s - 8. Suppose -5*v = -5*o - 50, -20*v + 18*v = -5*o - 41. Give t(o).
-1
Let a(s) = 27801*s**2 - 5*s + 2*s**3 + s - 1 - 27804*s**2 - s**3. Let t(y) = -y. Suppose -2*i - 3 = 5. Let p be t(i). What is a(p)?
-1
Let q be 1 - (-4 - -1 - 0). Let j = -52 + 49. Let p = j + q. Let v(i) = 5*i**3 - 2*i + 1. What is v(p)?
4
Suppose b + 6 - 10 = 0. Let u(s) = -s**2 + 3*s + 1. Calculate u(b).
-3
Suppose -7*t = -2*t + 25. Let h = 5 + t. Let i(q) = q**2 + 4. Give i(h).
4
Let r(y) be the third derivative of y**2 + 1/24*y**4 + 0 - 1/120*y**6 + 2/3*y**3 + 0*y - 1/12*y**5. Determine r(-5).
-1
Let i(u) = u**3 + 5*u**2 + 2*u - 4. Let x(d) = d**3 + 10*d**2 + 10*d + 6. Let o be x(-9). Determine i(o).
8
Let c(o) = 2*o + 0*o - o - 2. Suppose h + 5*w - 2 = 1, 2*w - 6 = 2*h. Let i be 2*(-1)/h*2. Calculate c(i).
0
Let w(l) = -l**3 + 8*l**2 + l - 10. Let c be w(8). Let r(g) = g**3 + 2*g**2 - 3*g - 1. Let o be r(c). Let f(k) = -k - k**3 + 0 + 6*k**2 - 4*k + 1. What is f(o)?
1
Let t(y) = 4 + 5*y - y - 5*y**2 + 11*y**2 + y**3. Calculate t(-5).
9
Let v be 1 + 6 + 16/(-4). Suppose z + 11 = -v*h, 2*h - h + 5 = 0. Let p(g) = g + 4. Determine p(z).
8
Let p(w) be the third derivative of -1/24*w**4 + 0 - 9*w**2 + 0*w + 1/6*w**3. Determine p(2).
-1
Let s(h) = -h - 9. Let r(v) = 8*v + 67. Let k be r(-9). Calculate s(k).
-4
Suppose -5*p - 7 = 4*d, 5*d - 2*p - 1 = -5*p. Let k(u) = -u + d*u - 3*u**2 - 4 + 2*u**3 - 3*u**3. Give k(-3).
-7
Let n(d) = -d - 2. Let k(q) = q**3 - 6*q**2 - 6*q - 2. Let w be k(7). Suppose w*c = 2*c - 6. Give n(c).
0
Let g be 4 + 2/(8/(-4)). Suppose v + g*v + 20 = 0. Let f(w) = w + 6. Give f(v).
1
Let y(q) be the third derivative of -q**5/60 - q**4/12 + q**3/3 + 2*q**2. What is y(-5)?
-13
Let d(q) = 3*q**3 - 2*q**2 - q. Let l(f) = -f**3 - 15*f**2 - 2*f - 31. Let r be l(-15). Give d(r).
-4
Let f(j) = -5*j**3 + j. Suppose 8 = -i + 2*c, -c + 5*c - 18 = i. Suppose 18 - 4 = i*o. Suppose o = h + 6. What is f(h)?
-4
Suppose 32 = 5*m + 2. Let p(x) = x - 3*x + x - 1 + 7. Give p(m).
0
Suppose -q - 35 = -8*q. Let u(x) be the first derivative of x**3/3 - 3*x**2 - 4. What is u(q)?
-5
Suppose -2*q = -3*p + 5, -3*q + 3*p + 0 - 3 = 0. Let l(o) = q*o**2 + 6 - 5*o**2 - 2*o**2 - o**3 - 3*o**2 - 5*o. Calculate l(-7).
-8
Let w be (12/9)/(1/3). Let v = -5 + w. Let u(i) = 4*i**3 + i. What is u(v)?
-5
Suppose -n - 2*n - s - 4 = 0, 5*s = 2*n - 20. Let q = n + 4. Let r(x) be the first derivative of -x**2/2 + 3*x - 3. Determine r(q).
-1
Suppose -25 - 195 = -5*x. Let y(q) = 8*q. Let r(n) = -n. Let l(d) = x*r(d) + 6*y(d). Give l(-2).
-8
Let n(q) = q - 3*q - q**3 + 2 - 6*q - 8*q**2 + q**2. What is n(-6)?
14
Suppose 3*f + 3 = 9. Let w(a) = 2*a**3 + 2 + 2*a**2 - 2*a**f - a**2 - 3*a. What is w(2)?
8
Let o(i) = -i**3 + 3*i**2 - 4. Let v be o(3). Let m = 2 + v. Let g(f) = -2*f - 1. Determine g(m).
3
Let k(b) = -b**2 - 6*b - 1. Suppose 5*g + 65 - 270 = 0. Suppose 2*d - 3*j - 2*j = g, 4*j + 60 = 5*d. Suppose 2*m = -2*o - d, 2*o - 4 = 5*m + 30. Determine k(m).
-1
Let m(f) = f**3 + f - 1. Let h = -5 - -8. Suppose h*b = 2*b. Give m(b).
-1
Let i(o) = -5*o - 9. Let p(m) = 9*m + 17. Let n(w) = -7*i(w) - 4*p(w). Calculate n(-6).
1
Let i(f) = -f**3 + 4*f**2 + 2*f - 4. Suppose 0 = 5*x + 21 + 19. Let q = 1 + x. Let c(v) = -2*v - 10. Let u be c(q). Determine i(u).
4
Let p(o) = 3*o**3 + 0*o**3 + 1 - 2*o**3 + 4*o**2 + 2*o. Suppose -3 = -4*u + 5*u. Give p(u).
4
Let b(j) = -j**2 + 7*j - 7. Let y(q) = -q - 2. Let u be y(-7). Suppose -15 = -u*l + 5*f, -3*f - f = 3*l - 23. Calculate b(l).
3
Let x(b) = -5*b - 19. Let j(s) = -2*s - 9. Let d(r) = -9*j(r) + 4*x(r). What is d(-5)?
15
Let n(a) = -a**3 + 4*a**2 - 3*a - 2. Suppose 0 = -14*p + 11*p. Suppose 2*o = -2*r - p*o + 12, r + 2*o = 9. Determine n(r).
-2
Let n(c) = -7*c**2 + 3*c - 7. Let u(b) = -13*b**2 + 6*b - 13. Let s(a) = 11*n(a) - 6*u(a). Let w be (-2)/6 + (-20)/(-6). Determine s(w).
1
Let t be ((-48)/(-15))/((-4)/(-10)). Let p(l) = -l + 10. Give p(t).
2
Suppose 0*x - 3*v = 3*x + 48, 3*x = -v - 46. Let r = 16 + x. Let o(n) = -3*n**3 + 2*n**2 - n. What is o(r)?
-2
Let q(g) = -9 + 8 + 1 - 18*g**3 + g. Calculate q(-1).
17
Let j(p) be the first derivative of p**2 + 7*p + 3. Calculate j(-7).
-7
Let o = -5 + 8. Suppose 0 = -0*j - o*j. Let t(d) = -2*d**3 + 1 + d**3 + 4 + 4. Calculate t(j).
9
Let o(h) = 2*h**2 - 4*h - 6. Let s(m) = m**2 + m. Let q(y) = -o(y) + 3*s(y). Give q(-4).
-6
Let t(o) be the third derivative of 0*o + 0 + 1/10*o**5 - 11*o**2 + 1/2*o**3 - 1/12*o**4 - 1/120*o**6. Give t(6).
-9
Let l(u) = 7*u**3 + 2*u**2 + 2*u + 1. Let z(g) = -g**2 + 8*g - 8. Let j be z(6). Suppose -2 - 2 = j*c. Determine l(c).
-6
Let l(x) = 0*x - 46 + 44 + 2*x. What is l(4)?
6
Let m(k) = -k**3 + k**2 - 3*k - 8. Let g(u) = -u**3 - 2*u - 7. Let y(s) = -5*g(s) + 4*m(s). Give y(-5).
-12
Let c(y) = -y**2 - 5*y - 7. Let a(u) = 10*u + 85. Let j be a(-9). Calculate c(j).
-7
Suppose 0 = 5*t - 2*l - 1 + 21, -2*t + 3*l - 8 = 0. Let m(f) be the third derivative of f**4/24 + f**2. Determine m(t).
-4
Let w(x) be the second derivative of x**6/144 + x**5/40 - x**4/3 - 2*x. Let r(j) be the third derivative of w(j). Determine r(-2).
-7
Let k(s) = 2*s - 1. Let d(f) = f - 5. Let m be 3 + 2 + 4/2. Let i be d(m). Suppose 3 = 5*v - i. What is k(v)?
1
Let l(g) = -9*g - 1 + 2 - 5*g**3 + 10*g. Suppose 8 = 4*z, 4*a = z - 2*z - 6. Let n be ((-3)/9)/(a/(-6)). Determine l(n).
5
Let r(l) be the third derivative of 7/60*l**5 + 1/24*l**4 - 4*l**2 + 0 + 0*l + 0*l**3. What is r(-1)?
6
Let j(s) = 6*s**2. Let v(m) = -m**2 - 4*m - 3. Let l be (-3)/(-9) - (-4)/6. Let y be (-2 + l)*(2 + 0). Let t be v(y). Calculate j(t).
6
Let d(i) = -2*i + 4. Let r(g) = -1. Let w(y) = -d(y) - 4*r(y). What is w(2)?
4
Let o(d) be the second derivative of -d**4/4 - d**3/6 + 24*d. What is o(-3)?
-24
Let b(c) = -c - 2. Let v be -1*(3 + -2)*1. Let f = v - 3. Determine b(f).
2
Suppose 2*b - b = 2. Let q(n) = b*n + 1 + 0 - 8 - n. What is q(6)?
-1
Let k(u) = -9*u**2 + 1. Let g(n) = 4*n**3 + 2*n - 2. Let p be g(2). Suppose 3*v = -l - 14, 4*l - 5*v - p = -5. Determine k(l).
-8
Let h(s) = s**3 - s**2 - 1. Let d(l) be the second derivative of l**5/4 + l**4/12 - 2*l**3/3 - 11*l**2/2 + 2*l. Let q(k) = -d(k) + 6*h(k). What is q(6)?
-7
Let g(p) = 3*p**2 - 2*p - 5. Let v(i) = -16*i**2 + 9*i + 24. Let u be (-1 + 14/(-8))*-4. Let r(h) = u*g(h) + 2*v(h). Give r(6).
5
Let w(f) = f**3 + f**2 - f - 4. Let c(j) be the first derivative of -j**4/4 - 2*j**3/3 - 3. Let o be c(-2). Give w(o).
-4
Let c(g) = -2*g + g - g**3 + 4*g**2 - g + 4*g + 1. Give c(4).
9
Let g(y) = -y**3 + 2*y**2 + y. Let a be g(2). Let b(c) = -2 - c**a + 1 + 4. Determine b(3).
-6
Let o be (-4)/18 - (-15)/27. Let l(d) be the second derivative of -d - 2*d**2 + 0 + o*d**3. What is l(3)?
2
Suppose -3*j - 20 = j. Let g(n) = n**2 + 5*n - 3. Give g(j).
-3
Let w = 12 - 9. Suppose w*q + 0*q + 12 = 0. Let z be q*-1*(-1)/2. Let u(m) = 6*m + 1. What is u(z)?
-11
Let x(p) be the first derivative of 0*p**2 - p + 1/3*p**3 - 8. What is x(-1)?
0
Let x(i) be the first derivative of i**3/3 + 5*i**2 - 4*i - 3. Let j be x(-10). Let s = 3 + j. Let o(q) = -q**2 - 2*q - 1. Determine o(s).
0
Let a(j) = 2*j + 5. Let t(c) = -3*c - 5. Let y be 33/(-9) - (-6)/9. Let l(z) = y*t(z) - 4*a(z). Calculate l(6).
1
Let o(j) = 2*j**3 - 3*j**2. Suppose a - 3 = 4*